. Is (-2)/x - 1586/(-14) a composite number?
False
Let r = -1 - -4. Let k(c) be the third derivative of c**4/2 + c**3/6 + 3*c**2. Is k(r) a composite number?
False
Suppose -s = 2*s. Let o be s/(0 - (0 - -1)). Suppose o = 2*t - 3*t + 2. Is t composite?
False
Suppose c - 751 = -n + 606, -2*c + 2*n + 2714 = 0. Is c prime?
False
Let v = -7 + 7. Let p(s) = -s**3 + 77. Is p(v) a prime number?
False
Let h(p) = -2*p**2 - 9*p - 5. Let o be h(-8). Let j = 92 + o. Is j composite?
False
Suppose 0 = -9*c + 1011 + 168. Is c composite?
False
Suppose -67 = -u + 108. Suppose -u = -4*j + 181. Is j a composite number?
False
Let k be 2/(-3) - (-4)/6. Suppose 6*i - 3*i - 18 = k. Suppose -17 + i = -g. Is g a prime number?
True
Suppose -5*v + 2 - 17 = 0. Let t(j) = -49*j**3 + 97*j**3 - 51*j**3 - 4 + 0. Is t(v) composite?
True
Is 530/3*36/24 prime?
False
Let j(a) = -a**3 - 20*a**2 + 15*a - 11. Is j(-21) a composite number?
True
Suppose -p + 2*p = 145. Is p a prime number?
False
Suppose -3*t - 15 + 123 = 0. Let b = 112 - t. Let f = b + -39. Is f a composite number?
False
Suppose -4*h = -0*h - 1644. Let n = h + -188. Is n composite?
False
Let i(l) = l**2 + 0*l - 3 + 3*l**2 - l - 3*l**2. Suppose 3*c = 12 - 3. Is i(c) composite?
False
Let u(x) = x**3 + 5*x**2 + 2*x + 2. Let i be u(-4). Let d(b) = -1 + i*b - 7*b + b**2 + 0*b**2. Is d(6) prime?
True
Let w(y) = y**3 - 5*y**2 + y - 2. Let l be w(5). Let t be l + (-1 - -1 - -2). Is (-130)/(-4)*4/t prime?
False
Let k = 47 - 84. Suppose o = 5*o - 224. Let h = o + k. Is h a composite number?
False
Let u(n) = 678*n + 1. Is u(2) prime?
False
Let z(s) be the second derivative of s**4/12 - 2*s**3/3 + 7*s**2/2 + s. Suppose 5 = d - 1. Is z(d) composite?
False
Suppose h + 4*l = 6*h + 1, 3*l + 7 = -4*h. Is h - 513/(-3) - 3 composite?
False
Is (0 + (-127)/(-4))/((-2)/(-24)) a prime number?
False
Let a = 21 + -14. Let p(s) = s**2 - 6*s - 2. Let h be p(a). Let v = h + 16. Is v prime?
False
Suppose 4*g + 5*y = 31, -3*y = -4*g - y + 66. Is g prime?
False
Let y = -22 - -31. Is 5705/45 - (-2)/y a composite number?
False
Let m = 6 + -6. Suppose m = -4*r - 2 - 2, 3*r + 26 = h. Is h prime?
True
Let v(u) = -8*u**3 - 7*u**2 - 7*u - 6. Let r be v(-4). Suppose -2*h + r = -0*h. Is h a composite number?
False
Let k(d) = d - 1. Let o be k(3). Let z = o - -17. Is z composite?
False
Let c = 9 + -282. Let d = c - -490. Is d prime?
False
Let o(s) = s**2 + 4*s + 3. Let n be 0 - (4 - 0 - 2). Let v be o(n). Is 3*(v - (2 - 14)) composite?
True
Is 79*(1 + 2)/3 prime?
True
Suppose -5*a = -3*g + 1, -2*g - 5*a + 9 = -0*g. Suppose g*w - 153 = -w. Is w a prime number?
False
Is 130*9 + (-4)/(-4) composite?
False
Is -4 + (-3 - (-92)/2) a prime number?
False
Let p(c) be the third derivative of 3*c**2 + 1/2*c**3 + 0*c + 7/60*c**5 + 0 + 0*c**4. Is p(4) prime?
False
Let z(t) = t**3 + 8*t**2 + 7*t - 5. Let i be z(-7). Let f be 2/5 + 2/i. Suppose f = 2*c - 3*c + 2. Is c a composite number?
False
Let y = -12 + 12. Suppose -3*u + v + 116 = 0, y*u = 5*u - 4*v - 205. Is u prime?
True
Suppose -6*u = -3*u - 261. Is u composite?
True
Suppose r + 3 = a - 6, -3*r - a = 7. Let m = -4 - r. Suppose m*v - 262 = -2*v. Is v a composite number?
False
Let s(w) = -w - 2. Is s(-11) a prime number?
False
Suppose -3*t = -5*d + 2*t + 15, 0 = 2*d - t - 5. Suppose 2*p + 2245 = 5*v - 3*p, -d*p - 1800 = -4*v. Is v prime?
False
Suppose 3*l - 1 - 2 = 0. Is 59 - (2 - 2)/l composite?
False
Suppose 2*w + 4 = 8. Suppose -19 = -w*k + 3. Suppose k = 2*g - 3. Is g a prime number?
True
Let z = -102 + 172. Is (4 + -5)*z/(-2) composite?
True
Let t = 399 + -272. Is t a prime number?
True
Suppose 2*j = 2*l, 0*l + 4*l = -3*j + 21. Suppose 0 = 5*s + 5*r - 15, l*s - 2*r - 2 = 2. Let d(f) = 86*f - 3. Is d(s) composite?
True
Is ((-5)/(-15))/(2/3246) a prime number?
True
Suppose -3*o - 2*o + 3*g + 1243 = 0, -5*g - 231 = -o. Is o a composite number?
False
Suppose 5*w = 80 + 115. Let c = -15 - -9. Let n = c + w. Is n prime?
False
Let w(q) = -4 - q**2 + 4. Let t be w(1). Is t/(0 - 3/6) a composite number?
False
Suppose -2*s + 7 + 3 = 0. Suppose 3*c - 528 = -5*r + 1393, -4*c + 1923 = s*r. Is r/5 + (-8)/(-20) composite?
True
Let j(r) = -r**2 + 2*r + 4. Let l be j(3). Is 1/(1*l/415) prime?
False
Let l = 23 - 32. Is 944/(-12)*l/6 prime?
False
Suppose -4*l + 9 = -3*l. Let d(m) = 4*m**2 - 9*m + 4. Is d(l) a prime number?
False
Let x = -15 + 15. Let s(j) = -j**3 + j**2 + 291. Is s(x) a prime number?
False
Suppose -g - g - 3*c + 1001 = 0, -c - 498 = -g. Is g a composite number?
False
Let x(h) = 0 + 3*h**2 - 2*h**2 - 1 + 0*h**2 + 9*h. Is x(6) a prime number?
True
Suppose 5*p - 815 = -0*p. Is p composite?
False
Suppose 148 - 1004 = -2*f. Let j = f + -301. Let c = j - 50. Is c composite?
True
Let t = -2838 - -4192. Is t a composite number?
True
Suppose -4*u = -5*w + 2701, -w + 2*u = -0*w - 539. Is w a prime number?
True
Suppose 5*d - 5*k + 20 = 65, 0 = 2*d + 2*k - 6. Suppose z - 159 = 2*l, -d*z = -z - 5*l - 820. Is z a prime number?
False
Let s(t) = t**3 + 6*t**2 - 9*t - 9. Let p be s(-7). Let h(f) = 7*f + 8. Let g be h(7). Suppose 3*i + g = p*o + i, i + 12 = o. Is o a composite number?
False
Let x(o) = -o + 4. Let b be x(0). Suppose m = 3*m - 4*y + 2, -5*m + b*y = 5. Let j(t) = -82*t + 1. Is j(m) a composite number?
False
Suppose -2*i + 3*i + 394 = -5*f, 5*f - 2*i + 397 = 0. Let g = -48 - f. Is g a prime number?
True
Let z be 2 - (10*2 + 1). Let b(l) = l**3 + 6*l**2 - 8*l - 10. Let v be b(-7). Is 6/9 + z/v composite?
False
Let v(o) = 1 + 60*o + 10*o**2 - 60*o. Let h(z) = z**2 - z - 1. Let w be h(0). Is v(w) prime?
True
Suppose -t = 2*t - 201. Is t prime?
True
Suppose 5 - 1 = 2*i. Suppose -3*r + 4 = -i*r. Suppose 0 = r*c - 245 - 15. Is c a composite number?
True
Let l(o) = -o + 1. Let m be l(9). Let q be (m/12)/((-4)/18). Suppose 4*x - y + 4*y = 112, -136 = -4*x + q*y. Is x composite?
False
Suppose 4*l - 364 = 4*b, b - 121 + 30 = -l. Is l a composite number?
True
Let z = 5 - 1. Suppose 5*v - 126 = -n, n + z*v = 6*n - 746. Let b = n + 3. Is b a prime number?
True
Let b = 12 - 8. Suppose 5*m = -5*h + 40, 4*m - 6 = m. Suppose 26 = -b*n + h*n. Is n prime?
True
Is -2*1893/24*-4 a prime number?
True
Suppose 1919 = 5*s + 54. Is s a composite number?
False
Let w(d) = 3*d**2 - 17*d - 11. Is w(9) a prime number?
True
Let k(m) = -m**2 - 3*m + 6. Let t(s) = s**2 + 2*s - 6. Let y(d) = 5*k(d) + 4*t(d). Let q be y(-8). Is -53*(-1 + (-2 - q)) composite?
False
Let q = -60 + 131. Is q a composite number?
False
Let s = 155 + 22. Is s composite?
True
Let v be (-4 - -1)/(-5 + 2). Let p(a) = 59*a**2 - a + 1. Is p(v) prime?
True
Let l(q) = -364*q**3 - q. Is l(-1) a composite number?
True
Let i = -125 + 210. Is i a prime number?
False
Suppose 10*p - 14444 = 866. Is p a composite number?
False
Suppose 4*m = 438 + 298. Let f be (-2)/(-3)*-3 + m. Suppose -2*l + 4*l = f. Is l prime?
False
Suppose 3*a - 4*u - 113 = 0, 0 = 5*a - 5*u - 123 - 67. Suppose 0 = -4*q + 2*m - 3*m + 49, 4*q - m = a. Is q composite?
False
Suppose 0 = -5*m - 25, -5*m + 1274 = -0*f + 3*f. Suppose -f = -4*z + 823. Is z a prime number?
False
Let t(f) = 2*f**3 - 3*f**2 - 4*f + 3. Let u = 3 - -1. Is t(u) composite?
False
Let m(y) = 13 - 6*y**2 + 6*y**3 - y**3 - 15*y - 4*y**3. Is m(9) composite?
True
Let o = 828 + 851. Is o composite?
True
Let q = 555 - 106. Is q a prime number?
True
Let c = 0 + 2. Let u be 31/(10/4 - c). Suppose -62 = -4*a + u. Is a a composite number?
False
Let r(t) = 8*t**3 - t**2 - 2*t. Is r(3) composite?
True
Suppose -4*u - 4401 + 11433 = -2*f, -5*f + 7018 = 4*u. Is u a composite number?
True
Is (-1060)/(-9) - 3 - 6/(-27) a composite number?
True
Suppose -3*n = -8*n - 4*i + 1277, -9 = -3*i. Is n composite?
True
Let w(o) = 2*o**2 - 10*o + 9. Let i be w(6). Suppose -2*s + i = -a, -6*s + s = 5*a - 15. Let k = s + 31. Is k composite?
True
Let k(h) = -h**3 - 3*h**2 + 7*h - 2. Suppose 4*s + 0*s - 18 = 2*r, -5*r - 4*s = 17. Is k(r) a composite number?
False
Let k(q) = 45*q**2 + 9*q + 3. Is k(-10) a composite number?
True
Let g = 1362 + 761. Is g composite?
True
Is 3/15 - 23328/(-10) a composite number?
False
Is (-2 - -3) + (0 - -200) a composite number?
True
Let z = -4 + 2. Is ((-7)/z + -3)*62 composite?
False
Let w = 0 + 4. Suppose 0 = 2*z + 2*n - 164, -z + 4*n = 3*z - 304. 